mainder when k is divided by i?
4
Let h(y) = -y**2 + y - 2. Let x be h(-2). Let g = -5 - x. Calculate the remainder when 9 is divided by 5/(g/3 - 0).
4
Let p = 7 + -12. Let g = 9 + p. What is the remainder when g is divided by 2?
0
Suppose 4 = -5*v - 6. Let n be (-5)/v - (-3)/(-6). Suppose 0*z + 58 = n*z. Calculate the remainder when z is divided by 10.
9
Let a = -61 + 67. What is the remainder when 18 is divided by a?
0
Let r(u) = u**3 + 6*u**2 + 3. Let t be r(-6). Suppose -18 = t*q - 75. What is the remainder when 74 is divided by q?
17
Suppose 2*a = 5*h - 0*a + 24, 5*a - 10 = 0. Let d = -3 - h. Calculate the remainder when 47 is divided by (5 - (3 - d)) + 9.
11
Suppose 0 = 4*p - 365 - 31. Calculate the remainder when p is divided by 25.
24
Suppose -4*w - k = -38, k - 55 = -5*w - 4*k. Let l = 51 - 35. What is the remainder when l is divided by w?
7
Let l be 1/(-1) - (-10 - 2). Let p = 33 - l. What is the remainder when p is divided by 8?
6
Let a(z) = -3*z - 2*z - 2 - z. What is the remainder when 46 is divided by a(-3)?
14
Let w = 7 - -3. Let q = w + -2. Suppose -k - 4*k = -75. Calculate the remainder when k is divided by q.
7
Calculate the remainder when 102/24 - (0 - 1/(-4)) is divided by 4.
0
Let c = 212 + -175. Let u be ((-8)/(-10))/(4/10). Suppose 0 = -4*z - 3*w + 28, -u*z + 3*w + 40 = -2*w. What is the remainder when c is divided by z?
7
Let n be 14/(-4) + 2/(-4). Let b(v) = v**3 + 5*v**2 + 4*v + 5. What is the remainder when 9 is divided by b(n)?
4
Suppose 0 = 8*i - 11*i + 3. What is the remainder when 4 is divided by i?
0
Let f(v) = -v + 16. What is the remainder when 75 is divided by f(3)?
10
Let j(h) = 7*h**3 + 12*h**2 + 5*h - 21. Let k(u) = -3*u**3 - 6*u**2 - 2*u + 10. Let t(p) = 2*j(p) + 5*k(p). What is the remainder when 13 is divided by t(-6)?
5
Let o(j) = -5*j - 2. Suppose 0 = -3*q - 4*r + 6, -11 + 1 = -5*q + 2*r. Let z be o(q). Calculate the remainder when (-66)/z - 2/4 is divided by 3.
2
Let q = 0 - 0. Suppose q*d + d = 3*o + 49, -d - 2 = 0. Let u = 8 - o. What is the remainder when u is divided by 9?
7
What is the remainder when 29 is divided by (-3)/2*-5*2?
14
Suppose -8*x - 34 = -10*x. Let q(a) = a**3 + 4. Let l be q(0). Let t = l + x. What is the remainder when t is divided by 6?
3
What is the remainder when 1 + -1 + (26 - 4) is divided by 12?
10
Suppose -4*h + 9 = -7. Suppose 4*z = -h*g + 36, 7*z - 2*z = 2*g + 3. Suppose 2 - g = -4*y. What is the remainder when 1 is divided by y?
0
Suppose -5*r = 5*d + 90, r = 4*d + 2*r + 57. Let o = d + 20. Calculate the remainder when o is divided by (-14)/(-4) - (-3)/6.
3
Suppose 0 = -2*w + 6*c - 2*c + 20, -3*w - 4*c = -50. Calculate the remainder when w is divided by 9.
5
Let m = -45 + 107. Calculate the remainder when m is divided by 13.
10
Suppose 3*v - v - 70 = 0. Suppose -5*u + v = 5*f, 47 = 5*u - 3*f + 4*f. What is the remainder when 27 is divided by u?
7
Suppose -6*a + a = -4*s + 80, 4*a = 3*s - 65. Suppose 4*y - 45 = 9*y. What is the remainder when 4 is divided by 3/y + a/(-6)?
1
Let s(y) = -8*y + 8. Suppose 7 = -2*w - 1. Calculate the remainder when s(-4) is divided by (-3)/((-18)/w)*-21.
12
Calculate the remainder when ((-10)/(-15))/(2/240) is divided by 28.
24
Suppose 0 = 5*q + 5*x - 170, 2*q - 64 = -0*q - x. What is the remainder when 57 is divided by q?
27
Let d = -23 + 44. Calculate the remainder when d is divided by ((-22)/(-8))/(6/24).
10
Let i = 3 - 37. Let p = i + 52. Suppose 2 + p = 5*g. Calculate the remainder when 7 is divided by g.
3
Suppose 0 = -0*s + 3*s - 15. Suppose 4*f + s*t - 129 = 0, 2*f - 3 - 24 = 5*t. What is the remainder when f is divided by 9?
8
Let g = 15 - 11. Suppose 11 = t - c, g*t - 9 - 15 = -c. Calculate the remainder when 19 is divided by t.
5
What is the remainder when (4/6)/((-10)/(-555)) is divided by 13?
11
Suppose -77 = 3*a - 422. Calculate the remainder when a is divided by 29.
28
Let f(u) = u**2 + 2*u - 3. Calculate the remainder when f(-6) is divided by ((-4)/(-10))/(1/20).
5
Let z(q) = q**3 - 5*q**2 - 2*q + 4. Calculate the remainder when z(6) is divided by (-12)/(-108) + 268/18.
13
Let z(g) = g**2 - 10*g + 9. Let s be z(7). Let h = 5 - s. Calculate the remainder when h is divided by 6.
5
Let f(l) = -l + 10. What is the remainder when 46 is divided by f(-6)?
14
Suppose c = 27 - 5. Let q(s) = 23*s - 3. Let y be q(2). Let t = -31 + y. What is the remainder when c is divided by t?
10
Let p = 5 + 4. Let q = p + -3. What is the remainder when 10 is divided by q?
4
Let m = -15 - -10. Let o(n) = -n - 4. Calculate the remainder when (-15)/(-12) - 1/4 is divided by o(m).
0
Calculate the remainder when -39*(-10 + 4)/6 is divided by 6.
3
Suppose -2*a = 2*p - 5*p + 289, 4*p = 2*a + 386. Calculate the remainder when p is divided by 20.
17
Suppose 3*u - w - 85 = 0, 3*w + 81 = -5*u + 204. Calculate the remainder when u is divided by 11.
5
Suppose 5*l = 186 - 61. Let d(z) = -z**3 + 7*z**2 + 3*z - 7. What is the remainder when l is divided by d(7)?
11
Let d(a) = a**3 - 5*a**2 + 2*a - 3. Let c be ((-8)/24)/(2/(-12)). Suppose -l - l - 101 = -5*t, 41 = c*t - l. What is the remainder when t is divided by d(5)?
5
Suppose -2*a + 3*m + 79 = -0*m, 4*m + 116 = 3*a. Suppose 7 = x - 4. Calculate the remainder when a is divided by x.
10
Let v(n) = -3 + n**2 + 2 + 3 - 5*n. Let t be v(6). Suppose -4*g - 2*y + 16 = -y, 2*g = 4*y + t. What is the remainder when g is divided by 3?
1
Let l be (-4)/(-3) + (-4)/(-6). Suppose 0 = 5*i - 5*u - 140, -5*i + 152 = -0*i - l*u. Let b(w) = 4*w - 9. What is the remainder when i is divided by b(5)?
10
Suppose 3*n + 90 = -3*g - 24, -2*n + 3*g = 66. Let h = n + 51. What is the remainder when 43 is divided by h?
13
Let z(a) = -a**2 + 9*a + 24. What is the remainder when 83 is divided by z(10)?
13
Suppose 4*d - 4 = 108. Let r = d + -17. Calculate the remainder when r is divided by 4.
3
Let v = 5 - 2. Suppose 0*i + i - 5 = 0. Suppose 0 = 3*l - v*t + t - 20, -i*l + 8 = 3*t. Calculate the remainder when l is divided by 2.
0
Suppose 0 = -5*f - 4*v + 3, -f - 8*v = -3*v + 12. What is the remainder when f is divided by 3?
0
Let x(n) be the first derivative of 3*n**2/2 + n + 1. Let f be x(4). Suppose -3*a + 1 + 10 = o, o - f = -4*a. What is the remainder when 8 is divided by o?
3
Let q(s) be the third derivative of s**6/120 - s**5/10 + s**4/4 + s**3/6 + 3*s**2. Let o = 17 - 6. What is the remainder when o is divided by q(5)?
5
Let k(q) = -q**3 - q**2 - q - 1. Let h be k(-2). Suppose 0 = -2*u + b - 4, -4*b + 3 = -2*u + h. Let x = u + 7. What is the remainder when x is divided by 2?
0
Suppose -3*h + 16 + 20 = 0. Calculate the remainder when h is divided by 8.
4
Suppose -5*v = -c - 70, -5*v = c - 0*c - 70. Let b = v + -3. Calculate the remainder when b is divided by 4.
3
Suppose -4*g + 303 = -73. Suppose g = 4*w - 66. Suppose -y + 5*y - w = 0. Calculate the remainder when 27 is divided by y.
7
Suppose 2*q + 3*q = 15. Let s(u) = 2*u**3 - u**2 - 5*u + 2. Let x be s(q). What is the remainder when (-2 - 1) + 5 + x is divided by 18?
16
Suppose 66 = -12*i + 14*i. Calculate the remainder when i is divided by 17.
16
Let s(l) = l**3 - l**2 + 2*l. Calculate the remainder when s(2) is divided by 3.
2
Suppose 4*j - 2 = 14. Suppose -j*l - 17 = -141. Calculate the remainder when l is divided by (-2)/7 + (-114)/(-7).
15
Let c = 11 - 7. Suppose 45 = c*p + 13. Let k(r) = -4*r - 27. What is the remainder when k(-14) is divided by p?
5
Let y(o) = -8*o. Suppose 4*h = -3*i + 13, -3*h = -3*i - 0*h - 15. What is the remainder when 22 is divided by y(i)?
6
Suppose 458 = 4*d - 38. Suppose 0*b = -4*b + d. Calculate the remainder when 122 is divided by b.
29
Let h(g) = -g**3 + 6*g**2 + 14*g - 15. What is the remainder when 98 is divided by h(7)?
30
Let s = 7 - -1. What is the remainder when 21 is divided by s?
5
Let x = -25 - -45. Suppose -5*v + x + 10 = 0. What is the remainder when v is divided by 4?
2
Suppose 0 = 6*m - 3*m + 5*p - 125, -p - 79 = -2*m. Calculate the remainder when m is divided by 24.
16
Suppose 4*b - 103 = -267. Let q = -24 - b. Suppose 5*j - 72 = 93. Calculate the remainder when j is divided by q.
16
Let v(z) = -z**2 + 8*z - 3. Suppose -3*s + 75 = 4*i, -55 = 4*i - 7*i - 2*s. What is the remainder when i is divided by v(7)?
3
Let k = -9 + 8. Let m(a